{"id":4914,"date":"2025-03-05T07:29:46","date_gmt":"2025-03-05T06:29:46","guid":{"rendered":"https:\/\/alaev-lueneburg.de\/alawordpress\/?page_id=4914"},"modified":"2026-04-07T17:56:59","modified_gmt":"2026-04-07T15:56:59","slug":"mitglied-werden","status":"publish","type":"page","link":"https:\/\/alaev-lueneburg.de\/alawordpress\/mitglied-werden\/","title":{"rendered":"Mitglied werden"},"content":{"rendered":"<div data-colibri-id=\"4914-c1\" class=\"style-1019 style-local-4914-c1 position-relative\">\n  <!---->\n  <div data-colibri-component=\"section\" data-colibri-id=\"4914-c2\" id=\"reusable-sections\" class=\"h-section h-section-global-spacing d-flex align-items-lg-center align-items-md-center align-items-center style-1132 style-local-4914-c2 position-relative\">\n    <!---->\n    <!---->\n    <div class=\"h-section-grid-container h-section-boxed-container\">\n      <div data-colibri-id=\"4914-c7\" class=\"h-row-container gutters-row-lg-2 gutters-row-md-2 gutters-row-2 gutters-row-v-lg-2 gutters-row-v-md-2 gutters-row-v-2 style-1137 style-local-4914-c7 position-relative\">\n        <!---->\n        <div class=\"h-row justify-content-lg-center justify-content-md-center justify-content-center align-items-lg-stretch align-items-md-stretch align-items-stretch gutters-col-lg-2 gutters-col-md-2 gutters-col-2 gutters-col-v-lg-2 gutters-col-v-md-2 gutters-col-v-2\">\n          <!---->\n          <div class=\"h-column h-column-container d-flex h-col-lg-auto h-col-md-auto h-col-auto style-1138-outer style-local-4914-c8-outer\">\n            <div data-colibri-id=\"4914-c8\" class=\"d-flex h-flex-basis h-column__inner h-px-lg-2 h-px-md-2 h-px-2 v-inner-lg-2 v-inner-md-2 v-inner-2 style-1138 style-local-4914-c8 position-relative\">\n              <!---->\n              <!---->\n              <div class=\"w-100 h-y-container h-column__content h-column__v-align flex-basis-100 align-self-lg-start align-self-md-start align-self-start\">\n                <!---->\n                <div data-colibri-id=\"4914-c9\" class=\"h-global-transition-all h-heading style-1139 style-local-4914-c9 position-relative h-element\">\n                  <!---->\n                  <div class=\"h-heading__outer style-1139 style-local-4914-c9\">\n                    <!---->\n                    <!---->\n                    <h2 class=\"\">Mitglied werden<\/h2>\n                  <\/div>\n                <\/div>\n                <div data-colibri-id=\"4914-c10\" class=\"h-lead h-text h-text-component style-1140 style-local-4914-c10 position-relative h-element\">\n                  <!---->\n                  <!---->\n                  <div class=\"\">\n                    <p>Unterst\u00fctzen Sie uns in unserem ehrenamtlichen Einsatz f\u00fcr den Schutz wertvoller Baudenkm\u00e4ler und werden Sie Mitglied beim ALA.<\/p>\n                  <\/div>\n                <\/div>\n                <div data-colibri-id=\"4914-c11\" class=\"h-row-container gutters-row-lg-2 gutters-row-md-2 gutters-row-0 gutters-row-v-lg-2 gutters-row-v-md-2 gutters-row-v-0 style-1141 style-local-4914-c11 position-relative\">\n                  <!---->\n                  <div class=\"h-row justify-content-lg-center justify-content-md-center justify-content-center align-items-lg-stretch align-items-md-stretch align-items-stretch gutters-col-lg-2 gutters-col-md-2 gutters-col-0 gutters-col-v-lg-2 gutters-col-v-md-2 gutters-col-v-0\">\n                    <!---->\n                    <div class=\"h-column h-column-container d-flex h-col-lg-12 h-col-md-12 h-col-12 style-1142-outer style-local-4914-c12-outer\">\n                      <div data-colibri-id=\"4914-c12\" class=\"d-flex h-flex-basis h-column__inner h-px-lg-2 h-px-md-2 h-px-2 v-inner-lg-2 v-inner-md-2 v-inner-2 style-1142 style-local-4914-c12 position-relative\">\n                        <!---->\n                        <!---->\n                        <div class=\"w-100 h-y-container h-column__content h-column__v-align flex-basis-100 align-self-lg-start align-self-md-start align-self-start\">\n                          <!---->\n                          <div data-colibri-id=\"4914-c13\" class=\"h-global-transition-all h-heading style-1143 style-local-4914-c13 position-relative h-element\">\n                            <!---->\n                            <div class=\"h-heading__outer style-1143 style-local-4914-c13\">\n                              <!---->\n                              <!---->\n                              <h5 class=\"\">BEITRITTSFORMULAR HERUNTERLADEN<\/h5>\n                            <\/div>\n                          <\/div>\n                          <div data-colibri-id=\"4914-c14\" class=\"h-text h-text-component style-1144 style-local-4914-c14 position-relative h-element\">\n                            <!---->\n                            <!---->\n                            <div class=\"\">\n                              <p>Wenn Sie dem Arbeitskreis L\u00fcneburger Altstadt e.V. beitreten m\u00f6chten,&nbsp;dann f\u00fcllen Sie bitte die Beitrittserkl\u00e4rung aus und senden Sie sie ausgef\u00fcllt an uns zur\u00fcck.<\/p>\n                              <p>Der satzungsgem\u00e4\u00dfe Jahresbeitrag betr\u00e4gt 30,00 \u20ac. Als Sch\u00fcler\/in, Student\/in, Auszubildende\/r oder Arbeitslose\/r betr\u00e4gt der erm\u00e4\u00dfigte Jahresbeitrag 15,00 \u20ac.<\/p>\n                            <\/div>\n                          <\/div>\n                          <div data-colibri-id=\"4914-c15\" class=\"h-x-container style-1149 style-local-4914-c15 position-relative h-element\">\n                            <!---->\n                            <div class=\"h-x-container-inner style-dynamic-4914-c15-group style-1149-spacing style-local-4914-c15-spacing\"><span class=\"h-button__outer style-1150-outer style-local-4914-c16-outer d-inline-flex h-element\"><a h-use-smooth-scroll=\"true\" href=\"https:\/\/alaev-lueneburg.de\/alawordpress\/wp-content\/uploads\/2025\/06\/BeitrittserklaerungALA.pdf\"  data-colibri-id=\"4914-c16\" class=\"d-flex w-100 align-items-center h-button justify-content-lg-center justify-content-md-center justify-content-center style-1150 style-local-4914-c16 position-relative\"><!----><!----> <span>Beitritserkl\u00e4rung herunterladen<\/span><\/a>\n                              <\/span>\n                            <\/div>\n                          <\/div>\n                          <div data-colibri-id=\"4914-c17\" class=\"style-1153 style-local-4914-c17 position-relative h-element\">\n                            <!---->\n                          <\/div>\n                          <div data-colibri-id=\"4914-c18\" class=\"h-global-transition-all h-heading style-1143 style-local-4914-c18 position-relative h-element\">\n                            <!---->\n                            <div class=\"h-heading__outer style-1143 style-local-4914-c18\">\n                              <!---->\n                              <!---->\n                              <h5 class=\"\">BEITRITTSFORMULAR ZUSCHICKEN<\/h5>\n                            <\/div>\n                          <\/div>\n                          <div data-colibri-id=\"4914-c19\" class=\"h-text h-text-component style-1144 style-local-4914-c19 position-relative h-element\">\n                            <!---->\n                            <!---->\n                            <div class=\"\">\n                              <p><strong>Beitrittsformular per Post<\/strong> zuschicken an:\n                                <br>\n                              <\/p>\n                              <p>Arbeitskreis L\u00fcneburger Altstadt e.V.\n                                <br>Untere Ohlingerstra\u00dfe 7\n                                <br>Hintergeb\u00e4ude \/ Eingang Neue Stra\u00dfe\n                                <br>21335 L\u00fcneburg<\/p>\n                              <p><strong>Beitrittsformular per Email<\/strong> senden:<\/p>\n                            <\/div>\n                          <\/div>\n                          <div data-colibri-id=\"4914-c20\" class=\"h-x-container style-1151 style-local-4914-c20 position-relative h-element\">\n                            <!---->\n                            <div class=\"h-x-container-inner style-dynamic-4914-c20-group style-1151-spacing style-local-4914-c20-spacing\"><span class=\"h-button__outer style-1152-outer style-local-4914-c21-outer d-inline-flex h-element\"><a h-use-smooth-scroll=\"true\" href=\"mailto:uwe.resas@alaev-lueneburg.de\"  data-colibri-id=\"4914-c21\" class=\"d-flex w-100 align-items-center h-button justify-content-lg-center justify-content-md-center justify-content-center style-1152 style-local-4914-c21 position-relative\"><!----><!----> <span>Email senden<\/span><\/a>\n                              <\/span>\n                            <\/div>\n                          <\/div>\n                          <div data-colibri-id=\"4914-c22\" class=\"style-1153 style-local-4914-c22 position-relative h-element\">\n                            <!---->\n                          <\/div>\n                          <div data-colibri-id=\"4914-c23\" class=\"h-global-transition-all h-heading style-1143 style-local-4914-c23 position-relative h-element\">\n                            <!---->\n                            <div class=\"h-heading__outer style-1143 style-local-4914-c23\">\n                              <!---->\n                              <!---->\n                              <h5 class=\"\">SATZUNG HERUNTERLADEN<\/h5>\n                            <\/div>\n                          <\/div>\n                          <div data-colibri-id=\"4914-c24\" class=\"h-text h-text-component style-1144 style-local-4914-c24 position-relative h-element\">\n                            <!---->\n                            <!---->\n                            <div class=\"\">\n                              <p>Die Satzung wurde am 01. Februar 1974 von der Gr\u00fcndungsversammlung beschlossen. Der Verein ist durch Bescheinigung des Finanzamtes L\u00fcneburg als gemeinn\u00fctzig (F\u00f6rderung des Denkmalschutzes und der Denkmalpflege) anerkannt.<\/p>\n                            <\/div>\n                          <\/div>\n                          <div data-colibri-id=\"4914-c25\" class=\"h-x-container style-1252 style-local-4914-c25 position-relative h-element\">\n                            <!---->\n                            <div class=\"h-x-container-inner style-dynamic-4914-c25-group style-1252-spacing style-local-4914-c25-spacing\"><span class=\"h-button__outer style-1253-outer style-local-4914-c26-outer d-inline-flex h-element\"><a h-use-smooth-scroll=\"true\" href=\"https:\/\/alaev-lueneburg.de\/alawordpress\/wp-content\/uploads\/2026\/04\/Vereinssatzung-01.01.2026.pdf\"  data-colibri-id=\"4914-c26\" class=\"d-flex w-100 align-items-center h-button justify-content-lg-center justify-content-md-center justify-content-center style-1253 style-local-4914-c26 position-relative\"><!----><!----> <span>Satzung herunterladen<\/span><\/a>\n                              <\/span>\n                            <\/div>\n                          <\/div>\n                        <\/div>\n                      <\/div>\n                    <\/div>\n                  <\/div>\n                <\/div>\n              <\/div>\n            <\/div>\n          <\/div>\n        <\/div>\n      <\/div>\n      <div data-colibri-id=\"4914-c3\" class=\"h-row-container gutters-row-lg-0 gutters-row-md-0 gutters-row-0 gutters-row-v-lg-0 gutters-row-v-md-0 gutters-row-v-0 style-1133 style-local-4914-c3 h-overflow-hidden position-relative\">\n        <!---->\n        <div class=\"h-row justify-content-lg-center justify-content-md-center justify-content-center align-items-lg-end align-items-md-end align-items-end gutters-col-lg-0 gutters-col-md-0 gutters-col-0 gutters-col-v-lg-0 gutters-col-v-md-0 gutters-col-v-0\">\n          <!---->\n          <div class=\"h-column h-column-container d-flex h-col-lg-auto h-col-md-auto h-col-auto align-self-lg-end align-self-md-end align-self-end style-1134-outer style-local-4914-c4-outer\">\n            <div data-colibri-id=\"4914-c4\" class=\"d-flex h-flex-basis h-column__inner h-ui-empty-state-container h-px-lg-0 h-px-md-0 h-px-0 v-inner-lg-0 v-inner-md-0 v-inner-0 style-1134 style-local-4914-c4 position-relative\">\n              <!---->\n              <!---->\n              <div class=\"w-100 h-y-container h-column__content h-column__v-align flex-basis-100\">\n                <!---->\n              <\/div>\n            <\/div>\n          <\/div>\n          <div class=\"h-column h-column-container d-flex h-col-lg-auto h-col-md-auto h-col-auto align-self-lg-end align-self-md-end align-self-end style-1135-outer style-local-4914-c5-outer\">\n            <div data-colibri-id=\"4914-c5\" class=\"d-flex h-flex-basis h-column__inner h-ui-empty-state-container h-px-lg-0 h-px-md-0 h-px-0 v-inner-lg-0 v-inner-md-0 v-inner-0 style-1135 style-local-4914-c5 position-relative\">\n              <!---->\n              <!---->\n              <div class=\"w-100 h-y-container h-column__content h-column__v-align flex-basis-100\">\n                <!---->\n              <\/div>\n            <\/div>\n          <\/div>\n          <div class=\"h-column h-column-container d-flex h-col-lg-auto h-col-md-auto h-col-auto align-self-lg-end align-self-md-end align-self-end style-1136-outer style-local-4914-c6-outer\">\n            <div data-colibri-id=\"4914-c6\" class=\"d-flex h-flex-basis h-column__inner h-ui-empty-state-container h-px-lg-0 h-px-md-0 h-px-0 v-inner-lg-0 v-inner-md-0 v-inner-0 style-1136 style-local-4914-c6 position-relative\">\n              <!---->\n              <!---->\n              <div class=\"w-100 h-y-container h-column__content h-column__v-align flex-basis-100\">\n                <!---->\n              <\/div>\n            <\/div>\n          <\/div>\n        <\/div>\n      <\/div>\n    <\/div>\n  <\/div>\n<\/div>","protected":false},"excerpt":{"rendered":"<p>Mitglied werden Unterst\u00fctzen Sie uns in unserem ehrenamtlichen Einsatz f\u00fcr den Schutz wertvoller Baudenkm\u00e4ler und werden Sie Mitglied beim ALA. BEITRITTSFORMULAR HERUNTERLADEN Wenn Sie dem Arbeitskreis L\u00fcneburger Altstadt e.V. beitreten m\u00f6chten,&nbsp;dann f\u00fcllen Sie bitte die Beitrittserkl\u00e4rung aus und senden Sie sie ausgef\u00fcllt an uns zur\u00fcck. Der satzungsgem\u00e4\u00dfe Jahresbeitrag betr\u00e4gt 30,00 \u20ac. Als Sch\u00fcler\/in, Student\/in, Auszubildende\/r [&hellip;]<\/p>\n","protected":false},"author":5,"featured_media":0,"parent":0,"menu_order":0,"comment_status":"closed","ping_status":"closed","template":"page-templates\/full-width-page.php","meta":{"footnotes":""},"class_list":["post-4914","page","type-page","status-publish","hentry"],"_links":{"self":[{"href":"https:\/\/alaev-lueneburg.de\/alawordpress\/wp-json\/wp\/v2\/pages\/4914","targetHints":{"allow":["GET"]}}],"collection":[{"href":"https:\/\/alaev-lueneburg.de\/alawordpress\/wp-json\/wp\/v2\/pages"}],"about":[{"href":"https:\/\/alaev-lueneburg.de\/alawordpress\/wp-json\/wp\/v2\/types\/page"}],"author":[{"embeddable":true,"href":"https:\/\/alaev-lueneburg.de\/alawordpress\/wp-json\/wp\/v2\/users\/5"}],"replies":[{"embeddable":true,"href":"https:\/\/alaev-lueneburg.de\/alawordpress\/wp-json\/wp\/v2\/comments?post=4914"}],"version-history":[{"count":20,"href":"https:\/\/alaev-lueneburg.de\/alawordpress\/wp-json\/wp\/v2\/pages\/4914\/revisions"}],"predecessor-version":[{"id":10874,"href":"https:\/\/alaev-lueneburg.de\/alawordpress\/wp-json\/wp\/v2\/pages\/4914\/revisions\/10874"}],"wp:attachment":[{"href":"https:\/\/alaev-lueneburg.de\/alawordpress\/wp-json\/wp\/v2\/media?parent=4914"}],"curies":[{"name":"wp","href":"https:\/\/api.w.org\/{rel}","templated":true}]}}