{"id":3753,"date":"2025-02-26T06:25:48","date_gmt":"2025-02-26T05:25:48","guid":{"rendered":"https:\/\/alaev-lueneburg.de\/alawordpress\/?page_id=3753"},"modified":"2025-05-03T08:55:29","modified_gmt":"2025-05-03T06:55:29","slug":"stammtisch","status":"publish","type":"page","link":"https:\/\/alaev-lueneburg.de\/alawordpress\/stammtisch\/","title":{"rendered":"Stammtisch"},"content":{"rendered":"<div data-colibri-id=\"3753-c1\" class=\"style-869 style-local-3753-c1 position-relative\">\n  <!---->\n  <div data-colibri-component=\"section\" data-colibri-id=\"3753-c2\" id=\"reusable-sections-2\" class=\"h-section h-section-global-spacing d-flex align-items-lg-center align-items-md-center align-items-center style-1565 style-local-3753-c2 position-relative\">\n    <!---->\n    <!---->\n    <div class=\"h-section-grid-container h-section-boxed-container\">\n      <!---->\n      <div data-colibri-id=\"3753-c3\" class=\"h-row-container gutters-row-lg-2 gutters-row-md-2 gutters-row-0 gutters-row-v-lg-2 gutters-row-v-md-2 gutters-row-v-2 style-1566 style-local-3753-c3 position-relative\">\n        <!---->\n        <div class=\"h-row justify-content-lg-center justify-content-md-center justify-content-center align-items-lg-stretch align-items-md-stretch align-items-stretch gutters-col-lg-2 gutters-col-md-2 gutters-col-0 gutters-col-v-lg-2 gutters-col-v-md-2 gutters-col-v-2\">\n          <!---->\n          <div class=\"h-column h-column-container d-flex h-col-lg-auto h-col-md-auto h-col-auto style-1567-outer style-local-3753-c4-outer\">\n            <div data-colibri-id=\"3753-c4\" class=\"d-flex h-flex-basis h-column__inner h-px-lg-2 h-px-md-2 h-px-2 v-inner-lg-2 v-inner-md-2 v-inner-2 style-1567 style-local-3753-c4 position-relative\">\n              <!---->\n              <!---->\n              <div class=\"w-100 h-y-container h-column__content h-column__v-align flex-basis-100 align-self-lg-start align-self-md-start align-self-start\">\n                <!---->\n                <div data-colibri-id=\"3753-c5\" class=\"h-global-transition-all h-heading style-1568 style-local-3753-c5 position-relative h-element\">\n                  <!---->\n                  <div class=\"h-heading__outer style-1568 style-local-3753-c5\">\n                    <!---->\n                    <!---->\n                    <h2 class=\"\">ALA Stammtisch<\/h2>\n                  <\/div>\n                <\/div>\n                <div data-colibri-id=\"3753-c6\" class=\"h-text h-text-component style-1569 style-local-3753-c6 position-relative h-element\">\n                  <!---->\n                  <!---->\n                  <div class=\"\">\n                    <p>Unser Stammtisch bringt ALA-Mitglieder und Interessierte an einen Tisch \u2013 seien Sie dabei! Erfahren Sie mehr \u00fcber unsere Projekte und Ideen.\n                      <br>\n                    <\/p>\n                  <\/div>\n                <\/div>\n              <\/div>\n            <\/div>\n          <\/div>\n        <\/div>\n      <\/div>\n      <div data-colibri-id=\"3753-c7\" class=\"h-row-container gutters-row-lg-0 gutters-row-md-0 gutters-row-0 gutters-row-v-lg-0 gutters-row-v-md-0 gutters-row-v-0 style-1570 style-local-3753-c7 position-relative\">\n        <!---->\n        <div class=\"h-row justify-content-lg-center justify-content-md-center justify-content-center align-items-lg-stretch align-items-md-stretch align-items-stretch gutters-col-lg-0 gutters-col-md-0 gutters-col-0 gutters-col-v-lg-0 gutters-col-v-md-0 gutters-col-v-0\">\n          <!---->\n          <div class=\"h-column h-column-container d-flex h-col-lg-auto h-col-md-auto h-col-auto style-1571-outer style-local-3753-c8-outer\">\n            <div data-colibri-id=\"3753-c8\" class=\"d-flex h-flex-basis h-column__inner h-px-lg-0 h-px-md-0 h-px-0 v-inner-lg-0 v-inner-md-0 v-inner-0 style-1571 style-local-3753-c8 position-relative\">\n              <!---->\n              <!---->\n              <div class=\"w-100 h-y-container h-column__content h-column__v-align flex-basis-100 align-self-lg-start align-self-md-start align-self-start\">\n                <!---->\n                <div data-colibri-id=\"3753-c9\" class=\"h-global-transition-all h-heading style-1572 style-local-3753-c9 position-relative h-element\">\n                  <!---->\n                  <div class=\"h-heading__outer style-1572 style-local-3753-c9\">\n                    <!---->\n                    <!---->\n                    <h4 class=\"\">ALA NEUIGKEITEN ERFAHREN<\/h4>\n                  <\/div>\n                <\/div>\n                <div data-colibri-id=\"3753-c10\" class=\"h-text h-text-component style-1573 style-local-3753-c10 position-relative h-element\">\n                  <!---->\n                  <!---->\n                  <div class=\"\">\n                    <p>Jeden 1. Donnerstag im Monat.<\/p>\n                    <p>Ort: Kapitelsaal, Eingang unter der Treppe, Johannes-Sebastian-Platz Platz 15, L\u00fcneburg.&nbsp;<\/p>\n                    <p>Sie interessieren sich f\u00fcr den Erhalt der L\u00fcneburger Altstadt oder sind bereits im ALA aktiv? Dann laden wir Sie herzlich zu unserem Stammtisch ein!<\/p>\n                    <p>In entspannter Atmosph\u00e4re tauschen wir uns \u00fcber laufende Projekte, neue Ideen und gemeinsame Vorhaben aus. Lernen Sie engagierte Mitstreiter kennen, bringen Sie Ihre Fragen mit, oder h\u00f6ren Sie einfach nur zu.<\/p>\n                    <p>Unser Stammtisch findet im historischen Kapitelsaal des Michaelisklosters statt, einem eindrucksvollen Gew\u00f6lbekeller aus dem Jahr 1376. Der besondere Ort schafft eine Atmosph\u00e4re, die perfekt zu unserem Engagement f\u00fcr das historische\n                      L\u00fcneburg passt.<\/p>\n                    <p>Kommen Sie einfach vorbei \u2013 wir freuen uns auf Sie!\n                      <br>\n                      <br><strong>Datum und Uhrzeit<\/strong>\n                      <br>Jeden ersten Donnerstag im Monat um 19:00 Uhr.\n                      <br>\n                      <br><strong>Ort<br><\/strong>Kapitelsaal, Johannes-Sebastian-Platz Platz 15, L\u00fcneburg. Eingang ist die gr\u00fcne T\u00fcr unter der Treppe.\n                      <br>\n                    <\/p>\n                  <\/div>\n                <\/div>\n              <\/div>\n            <\/div>\n          <\/div>\n          <div class=\"h-column h-column-container d-flex h-col-lg-auto h-col-md-auto h-col-auto style-1574-outer style-local-3753-c11-outer\">\n            <div data-colibri-id=\"3753-c11\" class=\"d-flex h-flex-basis h-column__inner h-ui-empty-state-container h-px-lg-2 h-px-md-2 h-px-0 v-inner-lg-2 v-inner-md-2 v-inner-0 style-1574 style-local-3753-c11 position-relative\">\n              <!---->\n              <!---->\n              <div class=\"w-100 h-y-container h-column__content h-column__v-align flex-basis-100\">\n                <!---->\n              <\/div>\n            <\/div>\n          <\/div>\n        <\/div>\n      <\/div>\n    <\/div>\n  <\/div>\n<\/div>","protected":false},"excerpt":{"rendered":"<p>ALA Stammtisch Unser Stammtisch bringt ALA-Mitglieder und Interessierte an einen Tisch \u2013 seien Sie dabei! Erfahren Sie mehr \u00fcber unsere Projekte und Ideen. ALA NEUIGKEITEN ERFAHREN Jeden 1. Donnerstag im Monat. Ort: Kapitelsaal, Eingang unter der Treppe, Johannes-Sebastian-Platz Platz 15, L\u00fcneburg.&nbsp; Sie interessieren sich f\u00fcr den Erhalt der L\u00fcneburger Altstadt oder sind bereits im ALA [&hellip;]<\/p>\n","protected":false},"author":5,"featured_media":0,"parent":0,"menu_order":0,"comment_status":"closed","ping_status":"closed","template":"page-templates\/full-width-page.php","meta":{"footnotes":""},"class_list":["post-3753","page","type-page","status-publish","hentry"],"_links":{"self":[{"href":"https:\/\/alaev-lueneburg.de\/alawordpress\/wp-json\/wp\/v2\/pages\/3753","targetHints":{"allow":["GET"]}}],"collection":[{"href":"https:\/\/alaev-lueneburg.de\/alawordpress\/wp-json\/wp\/v2\/pages"}],"about":[{"href":"https:\/\/alaev-lueneburg.de\/alawordpress\/wp-json\/wp\/v2\/types\/page"}],"author":[{"embeddable":true,"href":"https:\/\/alaev-lueneburg.de\/alawordpress\/wp-json\/wp\/v2\/users\/5"}],"replies":[{"embeddable":true,"href":"https:\/\/alaev-lueneburg.de\/alawordpress\/wp-json\/wp\/v2\/comments?post=3753"}],"version-history":[{"count":9,"href":"https:\/\/alaev-lueneburg.de\/alawordpress\/wp-json\/wp\/v2\/pages\/3753\/revisions"}],"predecessor-version":[{"id":9010,"href":"https:\/\/alaev-lueneburg.de\/alawordpress\/wp-json\/wp\/v2\/pages\/3753\/revisions\/9010"}],"wp:attachment":[{"href":"https:\/\/alaev-lueneburg.de\/alawordpress\/wp-json\/wp\/v2\/media?parent=3753"}],"curies":[{"name":"wp","href":"https:\/\/api.w.org\/{rel}","templated":true}]}}